{"id":35,"date":"2020-05-04T16:31:29","date_gmt":"2020-05-04T14:31:29","guid":{"rendered":"http:\/\/madrian.at\/edbsolutions\/?page_id=35"},"modified":"2024-05-28T10:49:25","modified_gmt":"2024-05-28T08:49:25","slug":"startseite","status":"publish","type":"page","link":"https:\/\/madrian.at\/edbsolutions\/","title":{"rendered":"Startseite"},"content":{"rendered":"\n<p>Wir sind spezialisiert in der Entwicklung und den Betrieb von EDV-L\u00f6sungen f\u00fcr Administration und Logistik in Gewerbe, Industrie und Beh\u00f6rden.<\/p>\n\n\n\n<p>Auf unseren Seiten informieren wir Sie \u00fcber uns und unsere Produkte und Dienstleitungen.<\/p>\n\n\n\n<figure class=\"wp-block-image size-large\"><img loading=\"lazy\" decoding=\"async\" width=\"378\" height=\"173\" src=\"https:\/\/madrian.at\/edbsolutions\/wp-content\/uploads\/2020\/05\/edbsolutions.jpg\" alt=\"\" class=\"wp-image-139\" srcset=\"https:\/\/madrian.at\/edbsolutions\/wp-content\/uploads\/2020\/05\/edbsolutions.jpg 378w, https:\/\/madrian.at\/edbsolutions\/wp-content\/uploads\/2020\/05\/edbsolutions-300x137.jpg 300w\" sizes=\"(max-width: 378px) 100vw, 378px\" \/><\/figure>\n\n\n\n<p><\/p>\n","protected":false},"excerpt":{"rendered":"<p>Wir sind spezialisiert in der Entwicklung und den Betrieb von EDV-L\u00f6sungen f\u00fcr Administration und Logistik in Gewerbe, Industrie und Beh\u00f6rden. Auf unseren Seiten informieren wir Sie \u00fcber uns und unsere Produkte und Dienstleitungen.<\/p>\n","protected":false},"author":2,"featured_media":0,"parent":0,"menu_order":0,"comment_status":"closed","ping_status":"closed","template":"","meta":{"footnotes":""},"_links":{"self":[{"href":"https:\/\/madrian.at\/edbsolutions\/wp-json\/wp\/v2\/pages\/35"}],"collection":[{"href":"https:\/\/madrian.at\/edbsolutions\/wp-json\/wp\/v2\/pages"}],"about":[{"href":"https:\/\/madrian.at\/edbsolutions\/wp-json\/wp\/v2\/types\/page"}],"author":[{"embeddable":true,"href":"https:\/\/madrian.at\/edbsolutions\/wp-json\/wp\/v2\/users\/2"}],"replies":[{"embeddable":true,"href":"https:\/\/madrian.at\/edbsolutions\/wp-json\/wp\/v2\/comments?post=35"}],"version-history":[{"count":6,"href":"https:\/\/madrian.at\/edbsolutions\/wp-json\/wp\/v2\/pages\/35\/revisions"}],"predecessor-version":[{"id":153,"href":"https:\/\/madrian.at\/edbsolutions\/wp-json\/wp\/v2\/pages\/35\/revisions\/153"}],"wp:attachment":[{"href":"https:\/\/madrian.at\/edbsolutions\/wp-json\/wp\/v2\/media?parent=35"}],"curies":[{"name":"wp","href":"https:\/\/api.w.org\/{rel}","templated":true}]}}