{"id":43,"date":"2020-05-04T16:38:47","date_gmt":"2020-05-04T14:38:47","guid":{"rendered":"http:\/\/madrian.at\/edbsolutions\/?page_id=43"},"modified":"2020-05-04T17:13:01","modified_gmt":"2020-05-04T15:13:01","slug":"geschichte","status":"publish","type":"page","link":"https:\/\/madrian.at\/edbsolutions\/geschichte\/","title":{"rendered":"Geschichte"},"content":{"rendered":"\n<p>Unternehmensgr\u00fcndung DI (FH) Robert Madrian im Jahre 1997 in der Branche Unternehmensberatung und Informationstechnologie<\/p>\n\n\n\n<p>Entwicklung der Anlagenbuchhaltung f\u00fcr die \u00d6sterreichische Kuvertindustrie (\u00d6KI) in Wien<\/p>\n\n\n\n<p>Entwicklung eines CRM-Tools f\u00fcr die Verwaltung der Unternehmen in der Wirtschaftskammer K\u00e4rnten und Steiermark<\/p>\n\n\n\n<p>Entwicklung diverser Online Services der Wirtschaftskammern \u00d6sterreichs <br>(meinmarktplatz.at, Nachfolgeb\u00f6rse, Franchiseb\u00f6rse etc.)<\/p>\n\n\n\n<p>Konzeption der Xenserver Plattform der Wirtschaftskammer K\u00e4rnten<\/p>\n\n\n\n<p>Konzeption der XenDesktop (VDI) Plattform der Wirtschaftskammer K\u00e4rnten<\/p>\n\n\n\n<p>und weitere&#8230;<\/p>\n\n\n\n<p><\/p>\n","protected":false},"excerpt":{"rendered":"<p>Unternehmensgr\u00fcndung DI (FH) Robert Madrian im Jahre 1997 in der Branche Unternehmensberatung und Informationstechnologie Entwicklung der Anlagenbuchhaltung f\u00fcr die \u00d6sterreichische Kuvertindustrie (\u00d6KI) in Wien Entwicklung eines CRM-Tools f\u00fcr die Verwaltung der Unternehmen in der Wirtschaftskammer K\u00e4rnten und Steiermark Entwicklung diverser Online Services der Wirtschaftskammern \u00d6sterreichs (meinmarktplatz.at, Nachfolgeb\u00f6rse, Franchiseb\u00f6rse etc.) Konzeption der Xenserver Plattform der Wirtschaftskammer &hellip; <\/p>\n<p class=\"link-more\"><a href=\"https:\/\/madrian.at\/edbsolutions\/geschichte\/\" class=\"more-link\"><span class=\"screen-reader-text\">\u201eGeschichte\u201c<\/span> weiterlesen<\/a><\/p>\n","protected":false},"author":2,"featured_media":0,"parent":0,"menu_order":0,"comment_status":"closed","ping_status":"closed","template":"","meta":{"footnotes":""},"_links":{"self":[{"href":"https:\/\/madrian.at\/edbsolutions\/wp-json\/wp\/v2\/pages\/43"}],"collection":[{"href":"https:\/\/madrian.at\/edbsolutions\/wp-json\/wp\/v2\/pages"}],"about":[{"href":"https:\/\/madrian.at\/edbsolutions\/wp-json\/wp\/v2\/types\/page"}],"author":[{"embeddable":true,"href":"https:\/\/madrian.at\/edbsolutions\/wp-json\/wp\/v2\/users\/2"}],"replies":[{"embeddable":true,"href":"https:\/\/madrian.at\/edbsolutions\/wp-json\/wp\/v2\/comments?post=43"}],"version-history":[{"count":2,"href":"https:\/\/madrian.at\/edbsolutions\/wp-json\/wp\/v2\/pages\/43\/revisions"}],"predecessor-version":[{"id":155,"href":"https:\/\/madrian.at\/edbsolutions\/wp-json\/wp\/v2\/pages\/43\/revisions\/155"}],"wp:attachment":[{"href":"https:\/\/madrian.at\/edbsolutions\/wp-json\/wp\/v2\/media?parent=43"}],"curies":[{"name":"wp","href":"https:\/\/api.w.org\/{rel}","templated":true}]}}